 - z. Calculate the remainder when o is divided by 3.
1
Suppose -2*x + x + 46 = 2*v, x + 69 = 3*v. Suppose -r = -4*g + 2*r + 161, 5*r = -g + v. What is the remainder when 113 is divided by g?
37
Let y(n) = n**2 - 4*n + 3. Let t be y(9). Suppose -t + 8 = -2*f. Calculate the remainder when f is divided by 48/2*(-2)/4*-1.
8
Let u(q) = 2*q**2 + 9*q - 13. Suppose 5*a = -0*m + 4*m - 30, 18 = -3*a + 2*m. Calculate the remainder when 8 is divided by u(a).
3
What is the remainder when (-13075)/(-125) + 6/(-10) + 1 is divided by 55?
50
Suppose 4*t = -t + 25, 5*s - 5*t = -5. Suppose s*g = -3 + 19. Let z = g + 0. What is the remainder when 9 is divided by z?
1
Let o = 46 - 41. Suppose -o*l + 111 = -319. What is the remainder when l is divided by 22?
20
Suppose 23*i + 8 = 238. Calculate the remainder when 12 is divided by i.
2
Suppose -i = -3*s - 28, -2*s - 100 = -5*i - 7*s. Let w = -1622 + 1773. Calculate the remainder when w is divided by i.
19
Let c(i) = 12*i + 243. What is the remainder when c(17) is divided by 9?
6
Let t(j) = j - 8. Let a be t(10). Suppose -12 = -w - 3*h - a*h, 4*w - 92 = 2*h. Calculate the remainder when 108 is divided by w.
20
Let t be (-2 - 1)/(9/(-27)). What is the remainder when 6/(-2) + 8 + -4 is divided by t/15 + 2/5?
0
Let w be (4/(-8))/(3/(-18)). Let t(g) = -g**3 - 5*g**2 - 6*g - 3. Let p be t(-4). Suppose -p*y = -w*y - 18. What is the remainder when 26 is divided by y?
8
Let u = 157 - 115. Calculate the remainder when u is divided by 30.
12
Let z(w) = 15*w**2 + 2*w - 1. Suppose -152*y + 156*y + a = 19, 4*a = 4*y + 16. Calculate the remainder when z(-2) is divided by y.
1
Let p(f) = f**3 - 36*f**2 - 38*f + 75. What is the remainder when 2/(16/378)*4 is divided by p(37)?
37
Let q(d) = -4*d + 3. Let o be q(0). Suppose o*k - 2*p = 23, -4*k + p - 1 = -25. Calculate the remainder when k is divided by 3.
2
Let r(i) = -2*i**2 - 18*i + 31. Calculate the remainder when 185 is divided by r(-9).
30
Let v(l) = l**3 + 53*l**2 - 128*l + 69. What is the remainder when v(-55) is divided by 18?
15
Calculate the remainder when (218/6)/((104/24)/13) is divided by 106.
3
Let z = 350 - 317. Calculate the remainder when z is divided by 13.
7
Suppose -14 = 5*x - 194. Suppose 0 = 24*a - 18*a - 414. What is the remainder when a is divided by x?
33
Suppose 2*s = 2*n - 180, -5*s - 3*n + 0*n = 434. Let p = 131 + s. What is the remainder when 128 is divided by p?
42
Let q = 46 - 25. Let b = -16 + q. Calculate the remainder when 27 is divided by b.
2
Suppose 5*h + 1 = n + 6, 2*n = 0. Calculate the remainder when 34 is divided by (25 - h)*4/8.
10
Suppose 9*n - 544 = -8*n. What is the remainder when 126 is divided by n?
30
Let d = -16 - -7. Let z be 30/d*9/(-6). Suppose -3*h + 31 = 2*y, -z*h + 43 = -2*y + y. What is the remainder when h is divided by 6?
3
Suppose -418*n = -361*n - 3420. Calculate the remainder when n is divided by 19.
3
Let r = 37 + -35. Suppose 0 = n + 3*w - 19, -r*n - 3*w = -6*w - 47. Calculate the remainder when 65 is divided by n.
21
Suppose 2*d = -t - 0*d - 2, 3*t - 2*d - 26 = 0. Suppose -11*n = t*n - 204. Calculate the remainder when 35 is divided by n.
11
Calculate the remainder when 339 is divided by (-1822)/(-32) + 5/80.
54
Let u = -76 + 125. Calculate the remainder when 438 is divided by u.
46
Let q(g) be the second derivative of g**3/6 + 6*g**2 - 7*g. Calculate the remainder when 35 is divided by q(-2).
5
Suppose -9*n + 741 = -6*n. Calculate the remainder when n is divided by 25.
22
Let y = -342 + 384. Let r(f) = 3*f**3 - 2*f**2 - f + 2. Let x be r(-2). Let k = x + y. Calculate the remainder when k is divided by 9.
5
Let z(s) = s**2 + s - 5. Let o be z(0). What is the remainder when 0 - (-15 + 0/o) is divided by 4?
3
Let g(l) be the second derivative of l**3/6 - l**2/2 + l. Let b be g(7). Suppose -2*o + b = -8. Calculate the remainder when 27 is divided by o.
6
What is the remainder when (-1 - -2)/((-22)/(-1386)) is divided by 32?
31
Suppose -5*l + 6*l = -225. Let p(u) = -u**2 + 8*u - 8. What is the remainder when (12/10)/((-10)/l) is divided by p(5)?
6
Suppose 5*y + 2*q - 363 = 0, -3*y + 0*y = 2*q - 221. Calculate the remainder when y is divided by 4.
3
Let u = 2275 + -2083. Calculate the remainder when u is divided by 22.
16
Let u(q) = -4*q**3 - q**2 - 2*q - 1. Suppose 9*k - 7*k - 108 = 0. Let t = -45 + k. What is the remainder when t is divided by u(-1)?
1
Let u(h) = -h**2 - 4*h + 2. Let p be u(-5). What is the remainder when 128 - p/(-6)*2 is divided by 32?
31
Suppose 4*r = o + 37, 5*o + 3 = -2*r + 16. Let c = -11 - 67. Let d = 82 + c. What is the remainder when r is divided by d?
1
Calculate the remainder when 256 is divided by 128/64*1*5.
6
Suppose 3*a - 2*a = i + 7, 3*i + 17 = 2*a. Let p = 251 - 115. Suppose -a*n = -p + 8. Calculate the remainder when 63 is divided by n.
31
Let a(y) = -42*y - 1434. Calculate the remainder when a(-48) is divided by 5.
2
Let v(w) = w**2 - 4*w - 17. Let p be v(8). Suppose -5*l + p = q, -4*l + 7 + 5 = -2*q. What is the remainder when 6 is divided by l?
0
Let d(l) = 5*l**2 - 3*l. Suppose -9940 = -116*r - 26*r. Calculate the remainder when r is divided by d(3).
34
Let i(b) = b**2 - 5*b + 6. Let a be i(-3). Let x = a + -8. Calculate the remainder when x is divided by 8.
6
Let q(c) = c**2 - 17*c - 12. Let x be q(18). Suppose x*k = z + 3*k - 26, -3*k - 108 = -3*z. What is the remainder when z is divided by 21?
20
Suppose 2*j + 22 = -2*f - 3*f, -5*j - 32 = f. Calculate the remainder when 11 is divided by 76/12 - j/9.
4
Let m = 2804 + -2732. Calculate the remainder when 78 is divided by m.
6
Let i be (6/9)/(2/(-6)). What is the remainder when i + 0 + 27 + -2 is divided by (-3 - (-15)/6)/(2/(-32))?
7
Calculate the remainder when (-744)/(-34) - (1 + 76/(-68)) is divided by 20.
2
Suppose 0 + 6 = -2*f. Let c be (-128 - 4)*f/4. Let r = c - 71. Calculate the remainder when r is divided by 10.
8
Let b = 33 - 24. Suppose 12*n - b*n = 102. Let i = 37 - n. What is the remainder when 8 is divided by i?
2
Suppose 10*v + 27 = 297. Suppose 6*l = 283 + 347. What is the remainder when l is divided by v?
24
Let z be 4 + -1 + 3 - 0. Suppose 8*w = z*w + 42. Suppose 4*y + w = 7*y. What is the remainder when 25 is divided by y?
4
Let d be 3/((-9)/6) + 5. Suppose z = 5*h + 20, -d*z + 5*h + 2 = -58. Let u = 25 - z. Calculate the remainder when 13 is divided by u.
3
Suppose -75 = -4*z + 5. What is the remainder when 378/10 + 6/30 is divided by z?
18
Let a = -57 + 79. Suppose 2*l - 4*l = -124. What is the remainder when l is divided by a?
18
Let d(x) be the third derivative of x**5/12 + 3*x**4/8 - x**3/2 + 23*x**2. What is the remainder when 27 is divided by d(-3)?
12
Let f be (11/(-3))/((-7)/(-21)). Let d = 16 + f. Suppose -3*s = -d*s + 16. Calculate the remainder when s is divided by 3.
2
Let y(s) = 3*s - 10 - 10*s - 16*s. Calculate the remainder when y(-3) is divided by 20.
19
Suppose -4*x = -0*x + 8. Let o = 6 + x. Suppose 36 = -3*w + o*w. What is the remainder when 142 is divided by w?
34
Let d be 18/(-4)*(-20)/(-30). Calculate the remainder when 84 is divided by 1/d + 737/33.
18
Let u = 24 + -24. Suppose 5*o - 211 - 74 = u. What is the remainder when o is divided by 15?
12
Let u(t) = -t**2 + 4*t + 10. Let m be u(6). Let n = 20 - 12. What is the remainder when 22 - (m + 4) - 0 is divided by n?
4
What is the remainder when 615 is divided by (-5528)/(-104) + -14 - 2/13?
30
Let p = -86 - -169. What is the remainder when p is divided by 10?
3
Calculate the remainder when 151 is divided by (2805/45 - -18) + 8/(-6).
72
Let o(p) = -4*p + 3. Let n = -440 + 191. Let y = -136 - n. What is the remainder when y is divided by o(-5)?
21
Let w be 2/5 - (-46)/10. Suppose w*d - 2*g = 15, -2 = 4*g + 18. Let q = 1023 + -1021. What is the remainder when q is divided by d?
0
Let o be 1 - -1 - (0 - 0). Suppose 0 = -5*q - o*w + 127, 2*q = -2*q - 2*w + 102. Let f(g) = 3*g**2 + 1. What is the remainder when q is divided by f(-2)?
12
Let r = 1 - -5. Let n = r + 10. Let d = -16 + 26. Calculate the remainder when n is divided by d.
6
Let b = -1204 + 1266. What is the remainder when 83 is divided by b?
21
Let o = -2 - -24. What is the remainder when 42 is divided by o?
20
Let k(s) = 5*s + 22. Calculate the remainder when k(7) is divided by 5/1